ose g*b - 89 = -a, -2*b - a + 83 = i. List the prime factors of b.
2, 3, 5
Suppose 4*d = -k, -2*d = 4*k + 9 + 5. Let g = 8 + k. Suppose -2*v + 3*y + 82 = 7*y, 0 = -3*v - g*y + 115. What are the prime factors of v?
3, 11
Let t = 362 + 188. List the prime factors of t.
2, 5, 11
Let s(r) = 2*r**3 - 8*r**2 + 3*r - 6. Let t be s(6). Suppose -4*h + h = -t. List the prime factors of h.
2, 13
Let b(k) = -k**2 + 14*k + 16. Let x be b(11). Suppose d + 235 = 5*h, -3*h + x = -2*d - 92. What are the prime factors of h?
47
Let h = -16 + 16. Suppose h = -5*a + 15, -o - 5*a + 3*a + 8 = 0. Suppose -17 - 67 = -o*g. What are the prime factors of g?
2, 3, 7
List the prime factors of (-1050)/12*56/(-10).
2, 5, 7
Let g = 247 + 29. Suppose 0 = 2*h + 7*t - 3*t - g, 277 = 2*h + 3*t. List the prime factors of h.
2, 5, 7
Let w(y) = -3*y + 3 - 3*y**3 - 3 - 2 - 3*y**2 + 2*y**3. Let o be w(-2). Suppose 0 = z - o*z - 31. List the prime factors of z.
31
Suppose 0 = -z + 937 + 768. What are the prime factors of z?
5, 11, 31
Let t(k) = -k**3 - 24*k**2 - 14*k + 9. List the prime factors of t(-24).
3, 5, 23
Let z(b) = 11*b**2 + 16*b + 169. What are the prime factors of z(-7)?
2, 149
Suppose u - 4*j + 9 = 3, -2*j = 4*u - 12. Suppose 2*o + 4 = -5*d, u*d - 3*o - 3 + 16 = 0. What are the prime factors of (18/(-27))/(d/219)?
73
Let z(f) be the third derivative of -11*f**4/24 - 10*f**3/3 + 3*f**2 - 3*f. List the prime factors of z(-14).
2, 67
Suppose 2*n + 2*f + 46 - 228 = 0, 0 = f + 5. List the prime factors of n.
2, 3
Suppose -b = -331 + 193. List the prime factors of b.
2, 3, 23
Let d = 492 - -236. List the prime factors of d.
2, 7, 13
Suppose 4*p + 2*f - 112 = f, -2*p = 3*f - 56. Let q = p - 28. Suppose 2*n = -q*n - 4, 0 = -2*i + 5*n + 68. What are the prime factors of i?
29
Let l = -29 - -31. Suppose m - 1 - 4 = 0. Suppose -p = l - m. List the prime factors of p.
3
What are the prime factors of (-2)/(-17) + (-97072)/(-272)?
3, 7, 17
Let i = -3933 + 6971. What are the prime factors of i?
2, 7, 31
Let d = 100 + -100. Suppose 5*o + u = 1111, d = 3*u + 5 - 8. What are the prime factors of o?
2, 3, 37
Let a(i) = i**3 - 18*i**2 - 11*i - 40. Let h be (-1 + -114)/(-5) + -4. What are the prime factors of a(h)?
2, 7
What are the prime factors of (1/2)/((-10)/(-4680) - 0)?
2, 3, 13
Let j = -1924 + 4073. List the prime factors of j.
7, 307
Let j = -1 - -1. Suppose d = -3*n + 18 + 6, -48 = -2*d + 5*n. Suppose -8*p + d + j = 0. List the prime factors of p.
3
Suppose 10*z = 12*z - 24. List the prime factors of z/(-8) + 550/4.
2, 17
Suppose 1 = k - 1. Suppose -52 = -5*f - k*m + 12, 5*m = 3*f - 26. List the prime factors of f.
2, 3
Let d(o) = -4*o**3 - 7*o**2 - o - 13. List the prime factors of d(-5).
317
Let h = -959 - -664. What are the prime factors of 1/(-2 + (-595)/h)?
59
Let d(l) = -4*l**2 + 39*l + 22. Let n(m) = m**2 - m - 1. Let p(a) = -d(a) - 6*n(a). List the prime factors of p(-14).
2, 3
Let s = 1 - -4. Let k(n) = 0*n - n + 3*n + 5 - s*n. List the prime factors of k(-5).
2, 5
Let q = -19 + 21. Suppose -q*p = -a + 8, 0 = p + 1 + 2. Suppose -6*y + 111 = -3*y + 2*w, -a*y + 5*w = -93. List the prime factors of y.
3, 13
Let v(c) = -665*c - 155. List the prime factors of v(-5).
2, 5, 317
Let r be 122/20 - 29/290. Let u(p) = -5*p**2 - 5*p + 7. Let a(h) = -4*h**2 - 4*h + 6. Let t(x) = -4*a(x) + 3*u(x). What are the prime factors of t(r)?
3, 13
Let s be (-10)/15 - 346/3. Let r = -41 - s. What are the prime factors of r?
3, 5
Let y be 1 - (-5)/((-5)/3). List the prime factors of (y/4 + 1)/((-6)/(-1680)).
2, 5, 7
Suppose g - 3*g = -r - 3, 5*g = r + 9. Let z = 24 + g. Suppose -2*s + z - 4 = 0. What are the prime factors of s?
11
Let u be 52/13*(-1 - -3). Suppose -56 = u*m - 336. List the prime factors of m.
5, 7
Let k = -5 + 7. Let g(n) = -2*n - 15. Let x be g(-9). Suppose -x*c + 108 = c - 4*b, -2*b = k*c - 62. List the prime factors of c.
29
Let b = 13539 - 8522. What are the prime factors of b?
29, 173
Let j = 202 - 137. Let x be (-77)/2 - 1/2. Let s = x + j. List the prime factors of s.
2, 13
Suppose 4*i + 18 = -b, -4*b + 3*b + 12 = -2*i. Suppose b*u = 13 + 55. List the prime factors of u.
2, 17
Suppose 681 = 4*d + 1845. Let x = d + 490. List the prime factors of x.
199
Suppose 0 = -h - 11 - 352. Let l = h + 615. What are the prime factors of l?
2, 3, 7
Let v(u) = -630*u - 90. List the prime factors of v(-7).
2, 3, 5
Let z = 3346 - 209. What are the prime factors of z?
3137
Suppose b + 12 = 5*w, 2*b - 18 = -b - 3*w. Suppose -s - 8 = k, -2*s + 18 = -b*k + s. Let x = 22 + k. List the prime factors of x.
3, 5
Let z(x) = -9*x**3 - x**2. Let g be z(1). Let f be (2 - -63)*8/(-20). Let k = g - f. What are the prime factors of k?
2
Suppose -4*w + 0*w + 4*v + 1056 = 0, -2*w + 534 = 4*v. What are the prime factors of w?
5, 53
Suppose 0 = 5*s - 4*m - 37, 0 = -3*s - 2*m + m + 12. Suppose -s*v - 166 + 711 = 0. What are the prime factors of v?
109
What are the prime factors of 15/(-12) - 3/(-36)*6807?
2, 283
Suppose -4*j = 3*b + 12, 3*j - 1 = 3*b - 10. Suppose b = 2*x - 0*x - 4. Suppose -30 = -0*l - x*l. What are the prime factors of l?
3, 5
Suppose 350 = 7*s - 140. Let o be 1/(s/65 + -1). Let l = o - 11. List the prime factors of l.
2
Suppose 2*f = 4*a - 3*a + 5, 0 = -a - f + 4. What are the prime factors of (31*a/2)/(2/12)?
3, 31
Let o be -3*5/(-9)*3. Suppose -3*l - u = 12, -2*l + 0*l + o*u = 8. Let w(h) = h**3 + 3*h**2 - 4*h + 7. What are the prime factors of w(l)?
7
Let v(k) = -55*k - 301. List the prime factors of v(-31).
2, 3, 13
Suppose 3*h - 5750 = c, -h = -2*c - 0*c - 1910. Suppose h = 10*g + 4*g. List the prime factors of g.
137
Let a(l) = -4*l**3 - 67*l**2 + 28*l + 99. What are the prime factors of a(-20)?
7, 677
Suppose -2*b = -7*u + 5*u, 0 = b - 4*u - 15. Let p(j) = -j**3 + j**2 - 23*j - 6. What are the prime factors of p(b)?
7, 37
Let i = 10 - 8. Let t be -3*(-2)/i - 6. What are the prime factors of 7 - (6 + t)/(-1)?
2, 5
What are the prime factors of 1*-3 + (388 + 5 - -2)?
2, 7
Suppose -262 = -2*u + 96. Let f = 356 - u. What are the prime factors of f?
3, 59
Suppose x = j + 105, -3*x + 327 = 4*j + 40. List the prime factors of x.
101
Suppose o + 3*y = -0*y + 9, -12 = -o - 4*y. Suppose -10*q + 40 = -o*q. List the prime factors of q.
2
Suppose 0 = 41*s - 22314 - 26107. What are the prime factors of s?
1181
List the prime factors of (-4)/(-18) - 9907*(-4)/36.
3, 367
Suppose 2*r - 26 = -5*j - 7, r + 13 = 5*j. Suppose -y + 9 = -r*y. What are the prime factors of (-3)/y + (-80)/(-3)?
3
Let n(d) = 3*d + 2. Let f be n(0). What are the prime factors of 740/9 - -1 - f/9?
83
Suppose 5*t - t = -l - 87, -l + 45 = -2*t. Let x be (2/(-3))/((-21)/(7434/(-4))). Let f = t - x. List the prime factors of f.
37
Let v be 2/1 - (-950)/5. Suppose 40 = -m - 3*s + 132, -2*s = -2*m + v. What are the prime factors of m?
5, 19
Let i = 106 + -70. Let k = 26 + i. List the prime factors of k.
2, 31
Let l = -77 - -63. What are the prime factors of 16/(-10)*-15*(-35)/l?
2, 3, 5
Let k(p) = 5*p - 21. Suppose -o + 5*h = -12 + 2, h + 2 = 2*o. Suppose o = -0*r + 4*r - 64. List the prime factors of k(r).
59
Suppose 3 = w - 3*h + 40, 3*h = -4*w - 163. List the prime factors of 6/(-4) - 3620/w.
89
Suppose 3*i = 4*t + 4105, t - 5 = -0*t. What are the prime factors of i?
5, 11
Let b(w) = w**3 + 4*w**2 - 6*w - 3. Let h be b(-5). Suppose z + a - 41 = 0, -a + 85 = -h*z + 4*z. List the prime factors of z.
2, 11
Let i(j) = -j**2 - 18*j - 12. Let q be i(-17). Suppose -q*t + 1050 = 2*t. What are the prime factors of t?
2, 3, 5
Suppose -d - 1 - 3 = 0, -4*h + 4*d = -1076. List the prime factors of h.
5, 53
Suppose 0*a = 5*a + 15. Let n be (-39)/a*(-4)/4. Let l = 21 + n. What are the prime factors of l?
2
Let o(s) = -s**3 + 25*s**2 - 22*s + 41. Let g be o(24). Suppose 2*u + 3*u = -a + g, -5*a + 555 = 3*u. What are the prime factors of a?
2, 3, 19
Suppose 1 = -p + 19. Suppose 4*f - p*f + 1932 = 0. What are the prime factors of f?
2, 3, 23
Suppose 4*h - 26 = -2*c, 2*c = -2*h + 7 + 7. Let l(b) = -12*b + 5*b**2 + b**3 + 29*b - 12 + h*b**2 + 2. What are the prime factors of l(-8)?
2, 23
Let o(m) = 124*m + 7. Let x be o(1). Let w = x - 2. What are the prime factors of w?
3, 43
Suppose -4374 = 3*h - 8*h + 3*a, -a = 5*h - 4362. List the prime factors